{"id":155,"date":"2022-07-18T17:05:24","date_gmt":"2022-07-18T17:05:24","guid":{"rendered":"http:\/\/republicabeligerante.com\/?page_id=155"},"modified":"2022-08-09T04:43:37","modified_gmt":"2022-08-09T04:43:37","slug":"decreto-popular-27052022","status":"publish","type":"page","link":"https:\/\/republicabeligerante.com\/index.php\/tablon-publicaciones-oficales-del-gobierno-de-la-republica-beligerante\/decreto-popular-27052022\/","title":{"rendered":"Decreto popular 27052022"},"content":{"rendered":"\n<p>A las 19:59 del 27\/05\/2022 entra en vigor mediante votaci\u00f3n y posterior aprobaci\u00f3n por mayor\u00eda absoluta las siguientes.<\/p>\n\n\n\n<p class=\"has-text-align-center\"><strong>Pre\u00e1mbulo:<\/strong><\/p>\n\n\n\n<p class=\"has-text-align-center\">Las declaraciones de El Fondo Monetario Internacional (FMI) del 9 de abril\u00a0de 2020 en las que afirman &lt;&lt;la econom\u00eda mundial entrar\u00e1 en la peor recesi\u00f3n desde la Gran Depresi\u00f3n de 1929 por cuenta de la pandemia>> tuvieron poca cabida en los medios y se hablo poco sobre ello.<br><br>Ahora vemos sus efectos, la econom\u00eda se resiente y el Gobierno de Espa\u00f1a una vez mas resta en vez de  sumar.<br><br>El expolio que el Estado Corporaci\u00f3n llamado Gobierno de Espa\u00f1a est\u00e1 perpetrando contra sus ciudadanos, llegando al hast\u00edo popular, a motivado que desde la Rep\u00fablica Beligerante se adopten las siguiente medidas de prevenci\u00f3n de una posible situaci\u00f3n de precariedad econ\u00f3mica. <br><br><strong>Cap\u00edtulo I<\/strong><\/p>\n\n\n\n<p class=\"has-text-align-center\"><strong>Embargos y expropiaciones cautelares. <\/strong><\/p>\n\n\n\n<p class=\"has-text-align-left\"><br>Se anuncia la posible imposici\u00f3n de, embargos y expropiaciones de forma cautelar, a todas las empresas que colaboren con el expolio que el Estado Corporaci\u00f3n llamado Gobierno de Espa\u00f1a est\u00e1 perpetrando contra sus ciudadanos.<\/p>\n\n\n\n<p><\/p>\n\n\n\n<p>La presente  entrar\u00e1 en vigor inmediatamente tras su publicaci\u00f3n en el \u00abTabl\u00f3n Publicaciones Oficiales del Gobierno de La Rep\u00fablica Beligerante\u00bb.<\/p>\n\n\n\n<p>Por tanto,<\/p>\n\n\n\n<p>Mando a todos los ciudadanos, particulares y autoridades, que guarden y hagan guardar este mandato.<\/p>\n\n\n\n<p>27 de mayo de 2022.<\/p>\n","protected":false},"excerpt":{"rendered":"<p>A las 19:59 del 27\/05\/2022 entra en vigor mediante votaci\u00f3n y posterior aprobaci\u00f3n por mayor\u00eda absoluta las siguientes. Pre\u00e1mbulo: Las declaraciones de El Fondo Monetario Internacional (FMI) del 9 de abril\u00a0de 2020 en las que afirman &lt;&lt;la econom\u00eda mundial entrar\u00e1 en la peor recesi\u00f3n desde la Gran Depresi\u00f3n de 1929 por cuenta de la pandemia>>&#8230;<\/p>\n","protected":false},"author":1,"featured_media":0,"parent":139,"menu_order":0,"comment_status":"closed","ping_status":"closed","template":"","meta":{"footnotes":""},"class_list":["post-155","page","type-page","status-publish","hentry"],"_links":{"self":[{"href":"https:\/\/republicabeligerante.com\/index.php\/wp-json\/wp\/v2\/pages\/155","targetHints":{"allow":["GET"]}}],"collection":[{"href":"https:\/\/republicabeligerante.com\/index.php\/wp-json\/wp\/v2\/pages"}],"about":[{"href":"https:\/\/republicabeligerante.com\/index.php\/wp-json\/wp\/v2\/types\/page"}],"author":[{"embeddable":true,"href":"https:\/\/republicabeligerante.com\/index.php\/wp-json\/wp\/v2\/users\/1"}],"replies":[{"embeddable":true,"href":"https:\/\/republicabeligerante.com\/index.php\/wp-json\/wp\/v2\/comments?post=155"}],"version-history":[{"count":4,"href":"https:\/\/republicabeligerante.com\/index.php\/wp-json\/wp\/v2\/pages\/155\/revisions"}],"predecessor-version":[{"id":172,"href":"https:\/\/republicabeligerante.com\/index.php\/wp-json\/wp\/v2\/pages\/155\/revisions\/172"}],"up":[{"embeddable":true,"href":"https:\/\/republicabeligerante.com\/index.php\/wp-json\/wp\/v2\/pages\/139"}],"wp:attachment":[{"href":"https:\/\/republicabeligerante.com\/index.php\/wp-json\/wp\/v2\/media?parent=155"}],"curies":[{"name":"wp","href":"https:\/\/api.w.org\/{rel}","templated":true}]}}

<p>A las 19:59 del 27/05/2022 entra en vigor mediante votación y posterior aprobación por mayoría absoluta las siguientes.</p>



<p class="has-text-align-center"><strong>Preámbulo:</strong></p>



<p class="has-text-align-center">Las declaraciones de El Fondo Monetario Internacional (FMI) del 9 de abril de 2020 en las que afirman &lt;&lt;la economía mundial entrará en la peor recesión desde la Gran Depresión de 1929 por cuenta de la pandemia>> tuvieron poca cabida en los medios y se hablo poco sobre ello.<br><br>Ahora vemos sus efectos, la economía se resiente y el Gobierno de España una vez mas resta en vez de  sumar.<br><br>El expolio que el Estado Corporación llamado Gobierno de España está perpetrando contra sus ciudadanos, llegando al hastío popular, a motivado que desde la República Beligerante se adopten las siguiente medidas de prevención de una posible situación de precariedad económica. <br><br><strong>Capítulo I</strong></p>



<p class="has-text-align-center"><strong>Embargos y expropiaciones cautelares. </strong></p>



<p class="has-text-align-left"><br>Se anuncia la posible imposición de, embargos y expropiaciones de forma cautelar, a todas las empresas que colaboren con el expolio que el Estado Corporación llamado Gobierno de España está perpetrando contra sus ciudadanos.</p>



<p></p>



<p>La presente  entrará en vigor inmediatamente tras su publicación en el «Tablón Publicaciones Oficiales del Gobierno de La República Beligerante».</p>



<p>Por tanto,</p>



<p>Mando a todos los ciudadanos, particulares y autoridades, que guarden y hagan guardar este mandato.</p>



<p>27 de mayo de 2022.</p>

<p>A las 19:59 del 27/05/2022 entra en vigor mediante votación y posterior aprobación por mayoría absoluta las siguientes. Preámbulo: Las declaraciones de El Fondo Monetario Internacional (FMI) del 9 de abril de 2020 en las que afirman &lt;&lt;la economía mundial entrará en la peor recesión desde la Gran Depresión de 1929 por cuenta de la pandemia>>&#8230;</p>
